00000100 (base 2) to base 5
-422140102
-6160799 (base 10) to base 14
-b65291
Convert 9d2216 (base 14) to base 6.
310324420
What is 297761b (base 12) in base 10?
8369591
Convert 2002000010 (base 3) to base 10.
40827
What is 360546 (base 7) in base 4?
33321102
Convert -12904 (base 15) to base 3.
-10000111011
-2010707 (base 8) to base 15
-a6a5e
-4434132234 (base 5) to base 12
-32a828a
Convert -1234144214 (base 5) to base 2.
-1011100101100011111010
4a2d4 (base 14) to base 4
230112302
What is 7a07 (base 16) in base 6?
400343
What is -40340030 (base 5) in base 9?
-543873
Convert -100001011101000001010010 (base 2) to base 6.
-511544030
What is 10001001111111110 (base 2) in base 7?
412663
What is -132336 (base 10) in base 7?
-1060551
-10385b (base 12) to base 13
-8c23a
Convert -10101212210 (base 3) to base 4.
-100112211
-43db5e (base 15) to base 9
-6071628
Convert -175c8 (base 16) to base 2.
-10111010111001000
Convert -312440243 (base 5) to base 3.
-2102212012222
Convert -13b89 (base 12) to base 15.
-82a9
-103223420 (base 5) to base 3
-211122002110
-60390 (base 11) to base 10
-88308
6745c7 (base 15) to base 3
100021020102121
-234188 (base 9) to base 5
-14001413
-132343044 (base 5) to base 12
-282a64
Convert 12444100 (base 7) to base 3.
2010202210121
Convert 7600 (base 14) to base 13.
9380
What is -160582 (base 10) in base 14?
-42742
130132212 (base 4) to base 9
187006
Convert 555474 (base 8) to base 7.
1406522
-477977 (base 10) to base 15
-96952
Convert -24210404 (base 5) to base 16.
-371c1
Convert 131300334 (base 5) to base 9.
1200676
Convert -4223224 (base 6) to base 11.
-130442
-811641 (base 12) to base 8
-7535521
-373c1c (base 15) to base 4
-22011311220
Convert 443b839 (base 12) to base 2.
110001101011000111101101
Convert 2e122 (base 16) to base 3.
100120212010
Convert 3a5a18 (base 14) to base 10.
2013334
-662307 (base 8) to base 5
-24104112
-10100000010001011000 (base 2) to base 10
-656472
Convert -4b190 (base 15) to base 6.
-5051013
Convert 210121112121 (base 3) to base 15.
860a1
What is -4034034 (base 7) in base 6?
-14134300
Convert 2302003221 (base 4) to base 9.
1331386
Convert -51640 (base 8) to base 13.
-998a
2b80a5 (base 12) to base 5
142132314
What is 20122020001122 (base 3) in base 9?
6566048
Convert 100011101110011111110 (base 2) to base 12.
485592
-100001110111000010000 (base 2) to base 4
-10032320100
What is -25c38 (base 14) in base 9?
-151452
Convert -1100102212020 (base 3) to base 4.
-2233012302
What is 1672706 (base 9) in base 12?
3903b9
Convert -9a8129 (base 11) to base 14.
-2db741
Convert -13440240 (base 5) to base 14.
-39090
Convert 89016 (base 16) to base 9.
1044706
116512463 (base 7) to base 13
16b5b16
Convert a791d (base 14) to base 2.
1100010111010100111
Convert -1056684 (base 11) to base 2.
-111000100100010000010
Convert 5455cd (base 14) to base 11.
1682008
What is -35b9 (base 14) in base 8?
-22237
880994 (base 12) to base 3
11001122011011
What is 12172 (base 12) in base 14?
8c86
What is -145481a (base 12) in base 13?
-b04052
-272c23 (base 15) to base 2
-111001011100111110000
Convert -130310003 (base 4) to base 5.
-12234034
Convert -243261342 (base 7) to base 12.
-5122ab9
Convert a4c4a (base 13) to base 8.
1103050
What is 965963 (base 10) in base 11?
5aa819
Convert 13625623 (base 8) to base 13.
8430cc
Convert -1bac343 (base 13) to base 11.
-522a892
241201110 (base 6) to base 13
c30159
a25a81 (base 13) to base 6
213025040
-25684861 (base 9) to base 5
-11213233134
Convert -10100110101101111000 (base 2) to base 11.
-427063
Convert 290b92 (base 16) to base 2.
1010010000101110010010
Convert -151143 (base 7) to base 6.
-343203
29717 (base 13) to base 15
18218
What is 6666e (base 16) in base 2?
1100110011001101110
What is 2a1a8 (base 12) in base 13?
20b34
110011000000001101 (base 2) to base 15
41d74
-100212211200212 (base 3) to base 5
-2321032400
34032313 (base 5) to base 8
1110113
What is -2221333112 (base 5) in base 15?
-663407
18282 (base 13) to base 15
dc06
Convert 178422 (base 14) to base 15.
115ba2
Convert 1516566 (base 9) to base 7.
10060254
Convert a70024 (base 12) to base 11.
1539651
-101010100011 (base 2) to base 15
-c18
59913 (base 13) to base 7
1252320
Convert 2100111121220 (base 3) to base 13.
349c2c
What is 18aaa09 (base 12) in base 7?
62136210
What is 140402133 (base 5) in base 14?
148c90
-235008 (base 15) to base 4
-12123333110
What is 1454547 (base 8) in base 3?
210010210020
Convert -4002822 (base 9) to base 3.
-11000002220202
What is -513985 (base 13) in base 8?
-7161577
Convert -55265 (base 11) to base 5.
-10031143
Convert -119618 (base 10) to base 5.
-12311433
18379b (base 16) to base 10
1587099
What is 3732111 (base 8) in base 11?
643280
-40325002 (base 6) to base 11
-713627
What is 1222a8 (base 11) in base 4?
233031023
Convert 8593684 (base 11) to base 14.
20161c7
Convert -3020331232 (base 4) to base 7.
-6665566
9d7f5 (base 16) to base 9
1182827
1126038 (base 9) to base 6
21010525
What is 1011200010210 (base 4) in base 13?
3a0ba68
Convert 13577244 (base 10) to base 6.
1203001340
Convert -1060035 (base 7) to base 15.
-29206
What is 3551002 (base 6) in base 5?
21414141
13897590 (base 10) to base 9
28131816
-11011230 (base 5) to base 12
-46885
-305665 (base 11) to base 12
-1b7ab9
-1706223 (base 8) to base 13
-14425b
What is -15402022 (base 6) in base 9?
-1020245
Convert 526472 (base 9) to base 5.
40010010
-442013140 (base 5) to base 11
-1092a85
What is -300331023230 (base 4) in base 2?
-110000111101001011101100
-1132561 (base 9) to base 4
-2111123323
-7246247 (base 11) to base 13
-285a694
92b20 (base 13) to base 16
404a0
-6451 (base 13) to base 9
-21081
-13a4c (base 16) to base 13
-2a813
11567653 (base 8) to base 11
1493169
32447 (base 9) to base 8
52004
Convert 2445526 (base 7) to base 4.
1030223332
Convert -1002001202200 (base 3) to base 16.
-8babe
What is 1530743 (base 11) in base 3?
11221012012112
What is 10533321 (base 6) in base 11?
201037
What is 44334541 (base 8) in base 12?
3246881
Convert 711166 (base 8) to base 6.
5003450
Convert -227e34 (base 15) to base 2.
-110010010000011101000
What is -241340030 (base 5) in base 15?
-172360
Convert -100101010010011111101 (base 2) to base 5.
-303100020
23a29 (base 12) to base 15
e3d9
Convert 246124662 (base 7) to base 8.
73250733
What is b3273 (base 12) in base 14?
61219
What is -1b7a8b2 (base 13) in base 6?
-523441002
What is 202031300 (base 5) in base 7?
6631566
-246c7 (base 13) to base 10
-67087
212222100120012 (base 3) to base 4
300212303300
What is -1011001000100001010011 (base 2) in base 13?
-7b2519
213124331 (base 6) to base 4
32131122133
What is -311205 (base 6) in base 13?
-b459
What is 1ffa1 (base 16) in base 13?
47802
34583 (base 10) to base 13
12983
What is 111100111101110111000001 (base 2) in base 16?
f3ddc1
What is 2462215 (base 7) in base 2?
1001101100100100000
Convert -1b77d (base 15) to base 14.
-2484b
-2710425 (base 8) to base 10
-758037
123333222 (base 4) to base 11
79172
Convert -580d6 (base 16) to base 8.
-1300326
-401341030 (base 6) to base 3
-110210011102200
134621040 (base 7) to base 5
4223441131
Convert 212220131213 (base 4) to base 13.
213773c
Convert 20b819 (base 13) to base 12.
310627
What is bb87 (base 12) in base 10?
20695
Convert 4011031 (base 6) to base 16.
2defb
What is -2071273 (base 8) in base 12?
-2284a3
1162136 (base 7) to base 2
100100100001111000
Convert -2526147 (base 8) to base 10.
-699495
Convert -90671 (base 13) to base 16.
-3f06b
What is 51163545 (base 8) in base 4?
221032131211
What is 1021120201120000 (base 3) in base 15?
1930730
What is -3501656 (base 7) in base 6?
-13214112
1103201233 (base 4) to base 9
571271
26311330 (base 7) to base 10
2406313
What is -1300a01 (base 14) in base 5?
-4320114334
-20032155 (base 6) to base 14
-1098c7
What is 25c160 (base 15) in base 11?
10289a0
-b1c554 (base 14) to base 16
-5b606e
Convert 9c9e1 (base 15) to base 6.
14403121
5850402 (base 9) to base 8
14041150
Convert 1f18d (base 16) to base 13.
45c8c
What is -2034225 (base 6) in base 15?
-1e138
Convert -12346 (base 10) to base 13.
-5809
111111000101110111 (base 2) to base 11
167180
Convert da13cc (base 14) to base 16.
7099b8
a966eb (base 15) to base 10
8071196
Convert 22325506 (base 7) to base 13.
52ba9c
Convert -212560 (base 9) to